{"id":22,"date":"2024-05-26T20:46:45","date_gmt":"2024-05-26T20:46:45","guid":{"rendered":"https:\/\/rodkrokuskamienpomorski.pl\/?page_id=22"},"modified":"2024-06-03T21:32:02","modified_gmt":"2024-06-03T21:32:02","slug":"ogloszenia-rod","status":"publish","type":"page","link":"https:\/\/rodkrokuskamienpomorski.pl\/index.php\/ogloszenia-rod\/","title":{"rendered":"Og\u0142oszenia publikowane przez Zarz\u0105d ROD &#8222;KROKUS&#8221;"},"content":{"rendered":"<ul class=\"wp-block-latest-posts__list has-dates has-author wp-block-latest-posts\"><li><div class=\"wp-block-latest-posts__featured-image alignleft\"><img loading=\"lazy\" decoding=\"async\" width=\"150\" height=\"150\" src=\"https:\/\/rodkrokuskamienpomorski.pl\/wp-content\/uploads\/2026\/03\/pilot-150x150.png\" class=\"attachment-thumbnail size-thumbnail wp-post-image\" alt=\"\" style=\"\" srcset=\"https:\/\/rodkrokuskamienpomorski.pl\/wp-content\/uploads\/2026\/03\/pilot-150x150.png 150w, https:\/\/rodkrokuskamienpomorski.pl\/wp-content\/uploads\/2026\/03\/pilot-300x300.png 300w, https:\/\/rodkrokuskamienpomorski.pl\/wp-content\/uploads\/2026\/03\/pilot.png 512w\" sizes=\"auto, (max-width: 150px) 100vw, 150px\" \/><\/div><a class=\"wp-block-latest-posts__post-title\" href=\"https:\/\/rodkrokuskamienpomorski.pl\/index.php\/2026\/03\/14\/stany-licznikow-2-2-3-2\/\">Informacja<\/a><div class=\"wp-block-latest-posts__post-author\">przez Administrator<\/div><time datetime=\"2026-03-14T18:33:11+00:00\" class=\"wp-block-latest-posts__post-date\">14 marca 2026<\/time><div class=\"wp-block-latest-posts__post-full-content\"><!-- wp:paragraph -->\n<p><strong>Dzia\u0142kowc\u00f3w korzystaj\u0105cych z zezwolenia na wjazd samochodem na teren dzia\u0142ek<\/strong> prosimy o dostarczenie do <strong>Biura Ogrodu<\/strong> pilota \/ czipa w celu <strong>wymiany<\/strong>.<\/p>\n<!-- \/wp:paragraph -->\n\n<!-- wp:paragraph -->\n<p>Prosimy r\u00f3wnie\u017c o podanie <strong>numeru rejestracyjnego pojazdu<\/strong>.<\/p>\n<!-- \/wp:paragraph -->\n\n<!-- wp:paragraph -->\n<p><strong>Biuro czynne w ka\u017cdy pi\u0105tek w godz. 14:00\u201317:00.<\/strong><\/p>\n<!-- \/wp:paragraph -->\n\n<!-- wp:paragraph -->\n<p>Zarz\u0105d ROD KROKUS<\/p>\n<!-- \/wp:paragraph -->\n\n<!-- wp:separator -->\n<hr class=\"wp-block-separator has-alpha-channel-opacity\" \/>\n<!-- \/wp:separator -->\n\n<!-- wp:paragraph -->\n<p><\/p>\n<!-- \/wp:paragraph --><\/div><\/li>\n<li><div class=\"wp-block-latest-posts__featured-image alignleft\"><img loading=\"lazy\" decoding=\"async\" width=\"150\" height=\"150\" src=\"https:\/\/rodkrokuskamienpomorski.pl\/wp-content\/uploads\/2024\/10\/megaphone-150x150.png\" class=\"attachment-thumbnail size-thumbnail wp-post-image\" alt=\"\" style=\"\" srcset=\"https:\/\/rodkrokuskamienpomorski.pl\/wp-content\/uploads\/2024\/10\/megaphone-150x150.png 150w, https:\/\/rodkrokuskamienpomorski.pl\/wp-content\/uploads\/2024\/10\/megaphone-300x300.png 300w, https:\/\/rodkrokuskamienpomorski.pl\/wp-content\/uploads\/2024\/10\/megaphone.png 360w\" sizes=\"auto, (max-width: 150px) 100vw, 150px\" \/><\/div><a class=\"wp-block-latest-posts__post-title\" href=\"https:\/\/rodkrokuskamienpomorski.pl\/index.php\/2026\/03\/02\/stany-licznikow-2-2-3\/\">ZAWIADOMIENIE<\/a><div class=\"wp-block-latest-posts__post-author\">przez Administrator<\/div><time datetime=\"2026-03-02T12:50:27+00:00\" class=\"wp-block-latest-posts__post-date\">2 marca 2026<\/time><div class=\"wp-block-latest-posts__post-full-content\"><!-- wp:paragraph {\"align\":\"left\"} -->\n<p class=\"has-text-align-left\">Zarz\u0105d ROD KROKUS w Kamieniu Pomorskim informuje, \u017ce <strong>Zebranie<br>Sprawozdawcze Cz\u0142onk\u00f3w PZD<\/strong> ogrodu odb\u0119dzie si\u0119 w dniu <strong>05.03.2026<\/strong> roku.<br><br>Miejsce zebrania: <br>Budynek <strong>PSONI <\/strong>w Kamieniu Pomorskim ul. Garncarska 4<\/p>\n<!-- \/wp:paragraph -->\n\n<!-- wp:paragraph {\"align\":\"left\"} -->\n<p class=\"has-text-align-left\">Terminy zebrania:<\/p>\n<!-- \/wp:paragraph -->\n\n<!-- wp:list -->\n<ul class=\"wp-block-list\"><!-- wp:list-item -->\n<li>I-szy termin zebrania godz. 15:30 .<\/li>\n<!-- \/wp:list-item -->\n\n<!-- wp:list-item -->\n<li>II-gi termin zebrania godz. 16:00 .<\/li>\n<!-- \/wp:list-item --><\/ul>\n<!-- \/wp:list -->\n\n<!-- wp:paragraph {\"align\":\"left\"} -->\n<p class=\"has-text-align-left\"><\/p>\n<!-- \/wp:paragraph -->\n\n<!-- wp:paragraph -->\n<p>Zarz\u0105d ROD KROKUS<\/p>\n<!-- \/wp:paragraph -->\n\n<!-- wp:separator -->\n<hr class=\"wp-block-separator has-alpha-channel-opacity\" \/>\n<!-- \/wp:separator -->\n\n<!-- wp:paragraph -->\n<p><\/p>\n<!-- \/wp:paragraph --><\/div><\/li>\n<li><div class=\"wp-block-latest-posts__featured-image alignleft\"><img loading=\"lazy\" decoding=\"async\" width=\"150\" height=\"150\" src=\"https:\/\/rodkrokuskamienpomorski.pl\/wp-content\/uploads\/2025\/10\/zakaz_wjazdu-150x150.png\" class=\"attachment-thumbnail size-thumbnail wp-post-image\" alt=\"\" style=\"\" srcset=\"https:\/\/rodkrokuskamienpomorski.pl\/wp-content\/uploads\/2025\/10\/zakaz_wjazdu-150x150.png 150w, https:\/\/rodkrokuskamienpomorski.pl\/wp-content\/uploads\/2025\/10\/zakaz_wjazdu-300x300.png 300w, https:\/\/rodkrokuskamienpomorski.pl\/wp-content\/uploads\/2025\/10\/zakaz_wjazdu.png 348w\" sizes=\"auto, (max-width: 150px) 100vw, 150px\" \/><\/div><a class=\"wp-block-latest-posts__post-title\" href=\"https:\/\/rodkrokuskamienpomorski.pl\/index.php\/2025\/10\/11\/informacja-2\/\">Informacja<\/a><div class=\"wp-block-latest-posts__post-author\">przez Administrator<\/div><time datetime=\"2025-10-11T16:05:16+00:00\" class=\"wp-block-latest-posts__post-date\">11 pa\u017adziernika 2025<\/time><div class=\"wp-block-latest-posts__post-full-content\"><!-- wp:paragraph -->\n<p>Zgodnie z uchwa\u0142\u0105 nr 18\/2021 Walnego Zebrania Dzia\u0142kowc\u00f3w z dnia 13.08.2021 roku, z dniem <strong>01.11.2025 r.<\/strong> zostan\u0105 <strong>zamkni\u0119te bramy wjazdowe<\/strong> na kompleksy ogrodowe.<\/p>\n<!-- \/wp:paragraph -->\n\n<!-- wp:paragraph -->\n<p>Wjazd na teren ogrod\u00f3w b\u0119dzie mo\u017cliwy tylko w uzasadnionych przypadkach, po uprzednim uzgodnieniu z gospodarzem lub Zarz\u0105dem ROD &#8222;Krokus&#8221;.<\/p>\n<!-- \/wp:paragraph -->\n\n<!-- wp:separator -->\n<hr class=\"wp-block-separator has-alpha-channel-opacity\" \/>\n<!-- \/wp:separator -->\n\n<!-- wp:paragraph -->\n<p><\/p>\n<!-- \/wp:paragraph --><\/div><\/li>\n<li><div class=\"wp-block-latest-posts__featured-image alignleft\"><img loading=\"lazy\" decoding=\"async\" width=\"150\" height=\"150\" src=\"https:\/\/rodkrokuskamienpomorski.pl\/wp-content\/uploads\/2024\/10\/tab-strike-150x150.png\" class=\"attachment-thumbnail size-thumbnail wp-post-image\" alt=\"\" style=\"\" srcset=\"https:\/\/rodkrokuskamienpomorski.pl\/wp-content\/uploads\/2024\/10\/tab-strike-150x150.png 150w, https:\/\/rodkrokuskamienpomorski.pl\/wp-content\/uploads\/2024\/10\/tab-strike-298x300.png 298w, https:\/\/rodkrokuskamienpomorski.pl\/wp-content\/uploads\/2024\/10\/tab-strike.png 514w\" sizes=\"auto, (max-width: 150px) 100vw, 150px\" \/><\/div><a class=\"wp-block-latest-posts__post-title\" href=\"https:\/\/rodkrokuskamienpomorski.pl\/index.php\/2025\/10\/11\/informacja\/\">Informacja<\/a><div class=\"wp-block-latest-posts__post-author\">przez Administrator<\/div><time datetime=\"2025-10-11T15:29:11+00:00\" class=\"wp-block-latest-posts__post-date\">11 pa\u017adziernika 2025<\/time><div class=\"wp-block-latest-posts__post-full-content\"><!-- wp:paragraph {\"align\":\"left\"} -->\n<p class=\"has-text-align-left\">W dniu <strong>25.10.2025 r. <\/strong>zostanie <strong>zamkni\u0119ty dop\u0142yw wody<\/strong> na teren kompleks\u00f3w dzia\u0142kowych.<br>Odczyty licznik\u00f3w zostan\u0105 dokonane w dniach <strong>8 i 15 listopada<\/strong> w godzinach <strong>9:00\u201312:30<\/strong>.<\/p>\n<!-- \/wp:paragraph -->\n\n<!-- wp:paragraph -->\n<p>Stan licznika mo\u017cna przes\u0142a\u0107 <strong>do ko\u0144ca listopada<\/strong> na adres e-mail: <strong><a>rod.kamienpomorski@o2.pl<\/a><\/strong> <br>W zg\u0142oszeniu nale\u017cy poda\u0107:<\/p>\n<!-- \/wp:paragraph -->\n\n<!-- wp:list -->\n<ul class=\"wp-block-list\"><!-- wp:list-item -->\n<li>numer dzia\u0142ki,<\/li>\n<!-- \/wp:list-item -->\n\n<!-- wp:list-item -->\n<li>zdj\u0119cie licznika.<\/li>\n<!-- \/wp:list-item --><\/ul>\n<!-- \/wp:list -->\n\n<!-- wp:paragraph -->\n<p>Dzia\u0142kowcy, kt\u00f3rzy nie udost\u0119pni\u0105 licznik\u00f3w do odczytu lub nie prze\u015bl\u0105 zdj\u0119cia z licznikiem, b\u0119d\u0105 mieli naliczon\u0105 op\u0142at\u0119 za zu\u017cycie wody na podstawie prognozy. Osoby te s\u0105 zobowi\u0105zane do <strong>zamontowania nowego licznika<\/strong> oraz poinformowania Zarz\u0105du ROD o tym fakcie w celu jego zaplombowania.<\/p>\n<!-- \/wp:paragraph -->\n\n<!-- wp:paragraph -->\n<p>Zarz\u0105d ROD<\/p>\n<!-- \/wp:paragraph -->\n\n<!-- wp:separator -->\n<hr class=\"wp-block-separator has-alpha-channel-opacity\" \/>\n<!-- \/wp:separator -->\n\n<!-- wp:paragraph -->\n<p><\/p>\n<!-- \/wp:paragraph --><\/div><\/li>\n<li><div class=\"wp-block-latest-posts__featured-image alignleft\"><img loading=\"lazy\" decoding=\"async\" width=\"150\" height=\"150\" src=\"https:\/\/rodkrokuskamienpomorski.pl\/wp-content\/uploads\/2024\/06\/klodka1-150x150.png\" class=\"attachment-thumbnail size-thumbnail wp-post-image\" alt=\"\" style=\"\" srcset=\"https:\/\/rodkrokuskamienpomorski.pl\/wp-content\/uploads\/2024\/06\/klodka1-150x150.png 150w, https:\/\/rodkrokuskamienpomorski.pl\/wp-content\/uploads\/2024\/06\/klodka1.png 225w\" sizes=\"auto, (max-width: 150px) 100vw, 150px\" \/><\/div><a class=\"wp-block-latest-posts__post-title\" href=\"https:\/\/rodkrokuskamienpomorski.pl\/index.php\/2025\/05\/28\/informacja-o-uruchomieniu-systemu-otwierania-bram-wjazdowych\/\">Informacja o uruchomieniu systemu otwierania bram wjazdowych<\/a><div class=\"wp-block-latest-posts__post-author\">przez Administrator<\/div><time datetime=\"2025-05-28T20:41:20+00:00\" class=\"wp-block-latest-posts__post-date\">28 maja 2025<\/time><div class=\"wp-block-latest-posts__post-full-content\"><!-- wp:paragraph -->\n<p>Zarz\u0105d ROD KROKUS w Kamieniu Pomorskim informuje, \u017ce w najbli\u017cszym miesi\u0105cu zostanie uruchomiony mechaniczny system otwierania bram wjazdowych.<\/p>\n<!-- \/wp:paragraph -->\n\n<!-- wp:paragraph -->\n<p>Dzia\u0142kowcy, kt\u00f3rzy chc\u0105 korzysta\u0107 z automatycznego otwierania bram, musz\u0105 spe\u0142ni\u0107 nast\u0119puj\u0105ce warunki:<\/p>\n<!-- \/wp:paragraph -->\n\n<!-- wp:list {\"ordered\":true} -->\n<ol class=\"wp-block-list\"><!-- wp:list-item -->\n<li>Posiada\u0107 zgod\u0119 Zarz\u0105du na wjazd.<\/li>\n<!-- \/wp:list-item -->\n\n<!-- wp:list-item -->\n<li>Op\u0142aci\u0107 roczn\u0105 sk\u0142adk\u0119 na napraw\u0119 alejek w wysoko\u015bci 100 z\u0142, zgodnie z regulaminem korzystania z alejek ogrodowych (Uchwa\u0142a Walnego Zebrania Dzia\u0142kowc\u00f3w).<\/li>\n<!-- \/wp:list-item -->\n\n<!-- wp:list-item -->\n<li>Dokona\u0107 wp\u0142aty na zakup czipa lub pilota:<!-- wp:list -->\n<ul class=\"wp-block-list\"><!-- wp:list-item -->\n<li>Czip \u2013 50 z\u0142<\/li>\n<!-- \/wp:list-item -->\n\n<!-- wp:list-item -->\n<li>Pilot \u2013 150 z\u0142<\/li>\n<!-- \/wp:list-item --><\/ul>\n<!-- \/wp:list --><\/li>\n<!-- \/wp:list-item --><\/ol>\n<!-- \/wp:list -->\n\n<!-- wp:paragraph -->\n<p>Op\u0142at nale\u017cy dokonywa\u0107 na konto ogrodu:<br><strong>06 9393 0000 0014 4821 2000 0010<\/strong><\/p>\n<!-- \/wp:paragraph -->\n\n<!-- wp:paragraph -->\n<p>Zarz\u0105d ROD<\/p>\n<!-- \/wp:paragraph -->\n\n<!-- wp:separator -->\n<hr class=\"wp-block-separator has-alpha-channel-opacity\" \/>\n<!-- \/wp:separator --><\/div><\/li>\n<\/ul>","protected":false},"excerpt":{"rendered":"","protected":false},"author":1,"featured_media":0,"parent":0,"menu_order":0,"comment_status":"closed","ping_status":"closed","template":"","meta":{"footnotes":""},"class_list":["post-22","page","type-page","status-publish","hentry"],"_links":{"self":[{"href":"https:\/\/rodkrokuskamienpomorski.pl\/index.php\/wp-json\/wp\/v2\/pages\/22","targetHints":{"allow":["GET"]}}],"collection":[{"href":"https:\/\/rodkrokuskamienpomorski.pl\/index.php\/wp-json\/wp\/v2\/pages"}],"about":[{"href":"https:\/\/rodkrokuskamienpomorski.pl\/index.php\/wp-json\/wp\/v2\/types\/page"}],"author":[{"embeddable":true,"href":"https:\/\/rodkrokuskamienpomorski.pl\/index.php\/wp-json\/wp\/v2\/users\/1"}],"replies":[{"embeddable":true,"href":"https:\/\/rodkrokuskamienpomorski.pl\/index.php\/wp-json\/wp\/v2\/comments?post=22"}],"version-history":[{"count":6,"href":"https:\/\/rodkrokuskamienpomorski.pl\/index.php\/wp-json\/wp\/v2\/pages\/22\/revisions"}],"predecessor-version":[{"id":128,"href":"https:\/\/rodkrokuskamienpomorski.pl\/index.php\/wp-json\/wp\/v2\/pages\/22\/revisions\/128"}],"wp:attachment":[{"href":"https:\/\/rodkrokuskamienpomorski.pl\/index.php\/wp-json\/wp\/v2\/media?parent=22"}],"curies":[{"name":"wp","href":"https:\/\/api.w.org\/{rel}","templated":true}]}}